[INFO] cloning repository https://github.com/briangreenery/with-clean-env
[INFO] running `Command { std: "git" "-c" "credential.helper=" "-c" "credential.helper=/workspace/cargo-home/bin/git-credential-null" "clone" "--bare" "https://github.com/briangreenery/with-clean-env" "/workspace/cache/git-repos/https%3A%2F%2Fgithub.com%2Fbriangreenery%2Fwith-clean-env", kill_on_drop: false }`
[INFO] [stderr] Cloning into bare repository '/workspace/cache/git-repos/https%3A%2F%2Fgithub.com%2Fbriangreenery%2Fwith-clean-env'...
[INFO] running `Command { std: "git" "rev-parse" "HEAD", kill_on_drop: false }`
[INFO] [stdout] 6a31bfcc78d48d015987d12e4ce721f9473c6351
[INFO] checking briangreenery/with-clean-env against master#af3c6e733a40e671550e0f0f5aeecaa13772ba56 for pr-74989
[INFO] running `Command { std: "git" "clone" "/workspace/cache/git-repos/https%3A%2F%2Fgithub.com%2Fbriangreenery%2Fwith-clean-env" "/workspace/builds/worker-7/source", kill_on_drop: false }`
[INFO] [stderr] Cloning into '/workspace/builds/worker-7/source'...
[INFO] [stderr] done.
[INFO] validating manifest of git repo https://github.com/briangreenery/with-clean-env on toolchain af3c6e733a40e671550e0f0f5aeecaa13772ba56
[INFO] running `Command { std: "/workspace/cargo-home/bin/cargo" "+af3c6e733a40e671550e0f0f5aeecaa13772ba56" "read-manifest" "--manifest-path" "Cargo.toml", kill_on_drop: false }`
[INFO] started tweaking git repo https://github.com/briangreenery/with-clean-env
[INFO] finished tweaking git repo https://github.com/briangreenery/with-clean-env
[INFO] tweaked toml for git repo https://github.com/briangreenery/with-clean-env written to /workspace/builds/worker-7/source/Cargo.toml
[INFO] crate git repo https://github.com/briangreenery/with-clean-env already has a lockfile, it will not be regenerated
[INFO] running `Command { std: "/workspace/cargo-home/bin/cargo" "+af3c6e733a40e671550e0f0f5aeecaa13772ba56" "fetch" "--locked" "--manifest-path" "Cargo.toml", kill_on_drop: false }`
[INFO] [stderr]     Blocking waiting for file lock on package cache
[INFO] [stderr] error: the lock file /workspace/builds/worker-7/source/Cargo.lock needs to be updated but --locked was passed to prevent this
[INFO] [stderr] If you want to try to generate the lock file without accessing the network, use the --offline flag.
[INFO] the lockfile is outdated, regenerating it
[INFO] running `Command { std: "/workspace/cargo-home/bin/cargo" "+af3c6e733a40e671550e0f0f5aeecaa13772ba56" "generate-lockfile" "--manifest-path" "Cargo.toml" "-Zno-index-update", kill_on_drop: false }`
[INFO] running `Command { std: "/workspace/cargo-home/bin/cargo" "+af3c6e733a40e671550e0f0f5aeecaa13772ba56" "fetch" "--locked" "--manifest-path" "Cargo.toml", kill_on_drop: false }`
[INFO] running `Command { std: "docker" "create" "-v" "/var/lib/crater-agent-workspace/builds/worker-7/target:/opt/rustwide/target:rw,Z" "-v" "/var/lib/crater-agent-workspace/builds/worker-7/source:/opt/rustwide/workdir:ro,Z" "-v" "/var/lib/crater-agent-workspace/cargo-home:/opt/rustwide/cargo-home:ro,Z" "-v" "/var/lib/crater-agent-workspace/rustup-home:/opt/rustwide/rustup-home:ro,Z" "-e" "SOURCE_DIR=/opt/rustwide/workdir" "-e" "CARGO_TARGET_DIR=/opt/rustwide/target" "-e" "CARGO_HOME=/opt/rustwide/cargo-home" "-e" "RUSTUP_HOME=/opt/rustwide/rustup-home" "-w" "/opt/rustwide/workdir" "-m" "1610612736" "--user" "0:0" "--network" "none" "rustops/crates-build-env@sha256:d92eaeed33fa75130ca1ee6c8a01d1ffb62bac859dfdfb3450e3e5d1c0146529" "/opt/rustwide/cargo-home/bin/cargo" "+af3c6e733a40e671550e0f0f5aeecaa13772ba56" "metadata" "--no-deps" "--format-version=1", kill_on_drop: false }`
[INFO] [stderr] WARNING: Your kernel does not support swap limit capabilities or the cgroup is not mounted. Memory limited without swap.
[INFO] [stdout] e6af0750d25499d69941ff9508a6c18e29273fc9584a78bd3c116488fdad9097
[INFO] running `Command { std: "docker" "start" "-a" "e6af0750d25499d69941ff9508a6c18e29273fc9584a78bd3c116488fdad9097", kill_on_drop: false }`
[INFO] running `Command { std: "docker" "inspect" "e6af0750d25499d69941ff9508a6c18e29273fc9584a78bd3c116488fdad9097", kill_on_drop: false }`
[INFO] running `Command { std: "docker" "rm" "-f" "e6af0750d25499d69941ff9508a6c18e29273fc9584a78bd3c116488fdad9097", kill_on_drop: false }`
[INFO] [stdout] e6af0750d25499d69941ff9508a6c18e29273fc9584a78bd3c116488fdad9097
[INFO] running `Command { std: "docker" "create" "-v" "/var/lib/crater-agent-workspace/builds/worker-7/target:/opt/rustwide/target:rw,Z" "-v" "/var/lib/crater-agent-workspace/builds/worker-7/source:/opt/rustwide/workdir:ro,Z" "-v" "/var/lib/crater-agent-workspace/cargo-home:/opt/rustwide/cargo-home:ro,Z" "-v" "/var/lib/crater-agent-workspace/rustup-home:/opt/rustwide/rustup-home:ro,Z" "-e" "SOURCE_DIR=/opt/rustwide/workdir" "-e" "CARGO_TARGET_DIR=/opt/rustwide/target" "-e" "CARGO_INCREMENTAL=0" "-e" "RUST_BACKTRACE=full" "-e" "RUSTFLAGS=--cap-lints=forbid" "-e" "CARGO_HOME=/opt/rustwide/cargo-home" "-e" "RUSTUP_HOME=/opt/rustwide/rustup-home" "-w" "/opt/rustwide/workdir" "-m" "1610612736" "--user" "0:0" "--network" "none" "rustops/crates-build-env@sha256:d92eaeed33fa75130ca1ee6c8a01d1ffb62bac859dfdfb3450e3e5d1c0146529" "/opt/rustwide/cargo-home/bin/cargo" "+af3c6e733a40e671550e0f0f5aeecaa13772ba56" "check" "--frozen" "--all" "--all-targets" "--message-format=json", kill_on_drop: false }`
[INFO] [stdout] e91bff5f8d92653437020f8ad68a964f1d4d4939887ed1f23f1b491b184137cf
[INFO] [stderr] WARNING: Your kernel does not support swap limit capabilities or the cgroup is not mounted. Memory limited without swap.
[INFO] running `Command { std: "docker" "start" "-a" "e91bff5f8d92653437020f8ad68a964f1d4d4939887ed1f23f1b491b184137cf", kill_on_drop: false }`
[INFO] [stderr]    Compiling winapi-build v0.1.1
[INFO] [stderr]     Checking winapi v0.2.8
[INFO] [stderr]    Compiling kernel32-sys v0.2.2
[INFO] [stderr]    Compiling advapi32-sys v0.2.0
[INFO] [stderr]    Compiling userenv-sys v0.2.0
[INFO] [stderr]     Checking with-clean-env v0.1.0 (/opt/rustwide/workdir)
[INFO] [stdout] error[E0433]: failed to resolve: could not find `windows` in `os`
[INFO] [stdout]   --> src/main.rs:10:14
[INFO] [stdout]    |
[INFO] [stdout] 10 | use std::os::windows::ffi::OsStringExt;
[INFO] [stdout]    |              ^^^^^^^ could not find `windows` in `os`
[INFO] [stdout] 
[INFO] [stdout] 
[INFO] [stdout] error[E0432]: unresolved imports `kernel32::CloseHandle`, `kernel32::GetCurrentProcess`
[INFO] [stdout]   --> src/main.rs:12:16
[INFO] [stdout]    |
[INFO] [stdout] 12 | use kernel32::{CloseHandle, GetCurrentProcess};
[INFO] [stdout]    |                ^^^^^^^^^^^  ^^^^^^^^^^^^^^^^^ no `GetCurrentProcess` in the root
[INFO] [stdout]    |                |
[INFO] [stdout]    |                no `CloseHandle` in the root
[INFO] [stdout] 
[INFO] [stdout] 
[INFO] [stdout] error[E0432]: unresolved import `advapi32::OpenProcessToken`
[INFO] [stdout]   --> src/main.rs:13:5
[INFO] [stdout]    |
[INFO] [stdout] 13 | use advapi32::OpenProcessToken;
[INFO] [stdout]    |     ^^^^^^^^^^^^^^^^^^^^^^^^^^ no `OpenProcessToken` in the root
[INFO] [stdout] 
[INFO] [stdout] 
[INFO] [stdout] error[E0432]: unresolved imports `userenv::CreateEnvironmentBlock`, `userenv::DestroyEnvironmentBlock`
[INFO] [stdout]   --> src/main.rs:14:15
[INFO] [stdout]    |
[INFO] [stdout] 14 | use userenv::{CreateEnvironmentBlock, DestroyEnvironmentBlock};
[INFO] [stdout]    |               ^^^^^^^^^^^^^^^^^^^^^^  ^^^^^^^^^^^^^^^^^^^^^^^ no `DestroyEnvironmentBlock` in the root
[INFO] [stdout]    |               |
[INFO] [stdout]    |               no `CreateEnvironmentBlock` in the root
[INFO] [stdout] 
[INFO] [stdout] 
[INFO] [stdout] error[E0433]: failed to resolve: could not find `windows` in `os`
[INFO] [stdout]   --> src/main.rs:10:14
[INFO] [stdout]    |
[INFO] [stdout] 10 | use std::os::windows::ffi::OsStringExt;
[INFO] [stdout]    |              ^^^^^^^ could not find `windows` in `os`
[INFO] [stdout] 
[INFO] [stdout] 
[INFO] [stdout] error[E0432]: unresolved imports `kernel32::CloseHandle`, `kernel32::GetCurrentProcess`
[INFO] [stdout]   --> src/main.rs:12:16
[INFO] [stdout]    |
[INFO] [stdout] 12 | use kernel32::{CloseHandle, GetCurrentProcess};
[INFO] [stdout]    |                ^^^^^^^^^^^  ^^^^^^^^^^^^^^^^^ no `GetCurrentProcess` in the root
[INFO] [stdout]    |                |
[INFO] [stdout]    |                no `CloseHandle` in the root
[INFO] [stdout] 
[INFO] [stdout] 
[INFO] [stdout] error[E0432]: unresolved import `advapi32::OpenProcessToken`
[INFO] [stdout]   --> src/main.rs:13:5
[INFO] [stdout]    |
[INFO] [stdout] 13 | use advapi32::OpenProcessToken;
[INFO] [stdout]    |     ^^^^^^^^^^^^^^^^^^^^^^^^^^ no `OpenProcessToken` in the root
[INFO] [stdout] 
[INFO] [stdout] 
[INFO] [stdout] error[E0432]: unresolved imports `userenv::CreateEnvironmentBlock`, `userenv::DestroyEnvironmentBlock`
[INFO] [stdout]   --> src/main.rs:14:15
[INFO] [stdout]    |
[INFO] [stdout] 14 | use userenv::{CreateEnvironmentBlock, DestroyEnvironmentBlock};
[INFO] [stdout]    |               ^^^^^^^^^^^^^^^^^^^^^^  ^^^^^^^^^^^^^^^^^^^^^^^ no `DestroyEnvironmentBlock` in the root
[INFO] [stdout]    |               |
[INFO] [stdout]    |               no `CreateEnvironmentBlock` in the root
[INFO] [stdout] 
[INFO] [stdout] 
[INFO] [stdout] error[E0412]: cannot find type `c_void` in crate `winapi`
[INFO] [stdout]   --> src/main.rs:41:63
[INFO] [stdout]    |
[INFO] [stdout] 41 | unsafe fn parse_environment(environment_block: *const winapi::c_void) -> Vec<(OsString, OsString)> {
[INFO] [stdout]    |                                                               ^^^^^^ not found in `winapi`
[INFO] [stdout]    |
[INFO] [stdout] help: consider importing this enum
[INFO] [stdout]    |
[INFO] [stdout] 6  | use std::os::raw::c_void;
[INFO] [stdout]    |
[INFO] [stdout] 
[INFO] [stdout] 
[INFO] [stdout] error[E0425]: cannot find value `TOKEN_READ` in crate `winapi`
[INFO] [stdout]   --> src/main.rs:70:58
[INFO] [stdout]    |
[INFO] [stdout] 70 |         if OpenProcessToken(GetCurrentProcess(), winapi::TOKEN_READ, &mut token) == 0 {
[INFO] [stdout]    |                                                          ^^^^^^^^^^ not found in `winapi`
[INFO] [stdout] 
[INFO] [stdout] 
[INFO] [stdout] error[E0425]: cannot find value `FALSE` in crate `winapi`
[INFO] [stdout]   --> src/main.rs:76:74
[INFO] [stdout]    |
[INFO] [stdout] 76 |         if CreateEnvironmentBlock(&mut environment_block, token, winapi::FALSE) == 0 {
[INFO] [stdout]    |                                                                          ^^^^^ not found in `winapi`
[INFO] [stdout] 
[INFO] [stdout] 
[INFO] [stdout] error[E0412]: cannot find type `c_void` in crate `winapi`
[INFO] [stdout]   --> src/main.rs:41:63
[INFO] [stdout]    |
[INFO] [stdout] 41 | unsafe fn parse_environment(environment_block: *const winapi::c_void) -> Vec<(OsString, OsString)> {
[INFO] [stdout]    |                                                               ^^^^^^ not found in `winapi`
[INFO] [stdout]    |
[INFO] [stdout] help: consider importing this enum
[INFO] [stdout]    |
[INFO] [stdout] 6  | use std::os::raw::c_void;
[INFO] [stdout]    |
[INFO] [stdout] 
[INFO] [stdout] 
[INFO] [stdout] error[E0425]: cannot find value `TOKEN_READ` in crate `winapi`
[INFO] [stdout]   --> src/main.rs:70:58
[INFO] [stdout]    |
[INFO] [stdout] 70 |         if OpenProcessToken(GetCurrentProcess(), winapi::TOKEN_READ, &mut token) == 0 {
[INFO] [stdout]    |                                                          ^^^^^^^^^^ not found in `winapi`
[INFO] [stdout] 
[INFO] [stdout] 
[INFO] [stdout] error[E0425]: cannot find value `FALSE` in crate `winapi`
[INFO] [stdout]   --> src/main.rs:76:74
[INFO] [stdout]    |
[INFO] [stdout] 76 |         if CreateEnvironmentBlock(&mut environment_block, token, winapi::FALSE) == 0 {
[INFO] [stdout]    |                                                                          ^^^^^ not found in `winapi`
[INFO] [stdout] 
[INFO] [stdout] 
[INFO] [stdout] error[E0599]: no function or associated item named `from_wide` found for struct `OsString` in the current scope
[INFO] [stdout]   --> src/main.rs:38:15
[INFO] [stdout]    |
[INFO] [stdout] 38 |     OsString::from_wide(slice)
[INFO] [stdout]    |               ^^^^^^^^^ function or associated item not found in `OsString`
[INFO] [stdout] 
[INFO] [stdout] 
[INFO] [stdout] warning: use of deprecated associated function `std::error::Error::description`: use the Display impl or to_string()
[INFO] [stdout]    --> src/main.rs:125:29
[INFO] [stdout]     |
[INFO] [stdout] 125 |         Err(err) => die(err.description()),
[INFO] [stdout]     |                             ^^^^^^^^^^^
[INFO] [stdout]     |
[INFO] [stdout]     = note: `#[warn(deprecated)]` on by default
[INFO] [stdout] 
[INFO] [stdout] 
[INFO] [stdout] warning: use of deprecated associated function `std::error::Error::description`: use the Display impl or to_string()
[INFO] [stdout]    --> src/main.rs:140:29
[INFO] [stdout]     |
[INFO] [stdout] 140 |         Err(err) => die(err.description()),
[INFO] [stdout]     |                             ^^^^^^^^^^^
[INFO] [stdout] 
[INFO] [stdout] 
[INFO] [stdout] error[E0599]: no function or associated item named `from_wide` found for struct `OsString` in the current scope
[INFO] [stdout]   --> src/main.rs:38:15
[INFO] [stdout]    |
[INFO] [stdout] 38 |     OsString::from_wide(slice)
[INFO] [stdout]    |               ^^^^^^^^^ function or associated item not found in `OsString`
[INFO] [stdout] 
[INFO] [stdout] 
[INFO] [stdout] error: aborting due to 8 previous errors; 2 warnings emitted
[INFO] [stdout] 
[INFO] [stdout] 
[INFO] [stdout] Some errors have detailed explanations: E0412, E0425, E0432, E0433, E0599.
[INFO] [stdout] 
[INFO] [stdout] For more information about an error, try `rustc --explain E0412`.
[INFO] [stdout] 
[INFO] [stdout] warning: use of deprecated associated function `std::error::Error::description`: use the Display impl or to_string()
[INFO] [stdout]    --> src/main.rs:125:29
[INFO] [stdout]     |
[INFO] [stdout] 125 |         Err(err) => die(err.description()),
[INFO] [stdout]     |                             ^^^^^^^^^^^
[INFO] [stdout]     |
[INFO] [stdout]     = note: `#[warn(deprecated)]` on by default
[INFO] [stdout] 
[INFO] [stdout] 
[INFO] [stdout] warning: use of deprecated associated function `std::error::Error::description`: use the Display impl or to_string()
[INFO] [stdout]    --> src/main.rs:140:29
[INFO] [stdout]     |
[INFO] [stdout] 140 |         Err(err) => die(err.description()),
[INFO] [stdout]     |                             ^^^^^^^^^^^
[INFO] [stdout] 
[INFO] [stdout] 
[INFO] [stdout] error: aborting due to 8 previous errors; 2 warnings emitted
[INFO] [stdout] 
[INFO] [stdout] 
[INFO] [stdout] Some errors have detailed explanations: E0412, E0425, E0432, E0433, E0599.
[INFO] [stdout] 
[INFO] [stdout] For more information about an error, try `rustc --explain E0412`.
[INFO] [stdout] 
[INFO] [stderr] error: could not compile `with-clean-env`.
[INFO] [stderr] 
[INFO] [stderr] To learn more, run the command again with --verbose.
[INFO] [stderr] warning: build failed, waiting for other jobs to finish...
[INFO] [stderr] error: build failed
[INFO] running `Command { std: "docker" "inspect" "e91bff5f8d92653437020f8ad68a964f1d4d4939887ed1f23f1b491b184137cf", kill_on_drop: false }`
[INFO] running `Command { std: "docker" "rm" "-f" "e91bff5f8d92653437020f8ad68a964f1d4d4939887ed1f23f1b491b184137cf", kill_on_drop: false }`
[INFO] [stdout] e91bff5f8d92653437020f8ad68a964f1d4d4939887ed1f23f1b491b184137cf
